{"id":928,"date":"2024-03-22T17:35:18","date_gmt":"2024-03-22T20:35:18","guid":{"rendered":"https:\/\/bunkerengenharia.com.br\/website\/?page_id=928"},"modified":"2024-10-31T11:29:30","modified_gmt":"2024-10-31T14:29:30","slug":"canal-de-denuncia","status":"publish","type":"page","link":"https:\/\/bunkerengenharia.com.br\/website\/contato\/canal-de-denuncia\/","title":{"rendered":"Canal de Den\u00fancia"},"content":{"rendered":"[mk_page_section bg_image=&#8221;https:\/\/bunkerengenharia.com.br\/website\/wp-content\/uploads\/2024\/03\/canal-de-denuncia.png&#8221; bg_position=&#8221;center center&#8221; min_height=&#8221;340&#8243; full_width=&#8221;true&#8221; js_vertical_centered=&#8221;true&#8221; top_shape_color=&#8221;#ffffff&#8221; bottom_shape_color=&#8221;#ffffff&#8221; sidebar=&#8221;sidebar-1&#8243;][vc_column][mk_fancy_title tag_name=&#8221;h1&#8243; color=&#8221;#ffffff&#8221; size=&#8221;50&#8243; font_weight=&#8221;300&#8243; txt_transform=&#8221;uppercase&#8221; letter_spacing=&#8221;2&#8243; margin_bottom=&#8221;0&#8243; font_family=&#8221;Anton&#8221; font_type=&#8221;google&#8221; align=&#8221;center&#8221;]\n<p>CONTATO<\/p>\n[\/mk_fancy_title][\/vc_column][\/mk_page_section][mk_page_section][vc_column][mk_padding_divider size=&#8221;10&#8243;][mk_fancy_title color=&#8221;#606163&#8243; size=&#8221;35&#8243; font_weight=&#8221;200&#8243; letter_spacing=&#8221;1&#8243; font_family=&#8221;Anton&#8221; font_type=&#8221;google&#8221;]Canal de Den\u00fancia<\/p>\n[\/mk_fancy_title][mk_padding_divider size=&#8221;8&#8243;][vc_column_text]\n<p style=\"font-size: 18px; color: #BA9917; font-family: Montserrat;  letter-spacing: 0.5px;\"><strong>BEM VINDO AO CANAL DE DEN\u00daNCIAS DA BUNKER ENGENHARIA ANTICORROSIVA.<\/strong><\/p>\n<p style=\" font-size: 16px; font-family: Montserrat, sans-serif; font-weight: 400;  line-height: 21.6px; letter-spacing: 0.04em;\">Este \u00e9 um canal exclusivo para receber den\u00fancias referentes a fatos que estejam em desacordo com<br \/>\no Compromisso de Valor e Conduta da nossa empresa. Isso inclui suspeitas de fraude, viola\u00e7\u00e3o de<br \/>\nleis, conflitos de interesse, ass\u00e9dio moral ou sexual, ou qualquer outro tema que represente danos<br \/>\nao bem comum.<\/p>\n<ul>\n[\/vc_column_text][mk_padding_divider size=&#8221;29&#8243;][vc_column_text disable_pattern=&#8221;false&#8221;]\n<p style=\"font-size: 18px; color: #BA9917; font-family: Montserrat;  letter-spacing: 0.5px;\"><strong>COMO FUNCIONA<\/strong><\/p>\n<p style=\"font-size: 16px; font-family: Montserrat, sans-serif; font-weight: 400; line-height: 21.6px; letter-spacing: 0.04em;\">\n    \u2022 <strong style=\"color: inherit;\">Identifica\u00e7\u00e3o:<\/strong> Voc\u00ea pode optar por se identificar ou manter o anonimato. Sua identidade ser\u00e1<br \/>\npreservada em caso de anonimato.<\/p>\n<p style=\"font-size: 16px; font-family: Montserrat, sans-serif; font-weight: 400; line-height: 21.6px; letter-spacing: 0.04em;\">\n    \u2022 <strong style=\"color: inherit;\">An\u00e1lise Imparcial:<\/strong> Seu relato ser\u00e1 recebido e analisado com seguran\u00e7a e imparcialidade por uma<br \/>\nequipe de profissionais dedicados.<\/p>\n<p style=\"font-size: 16px; font-family: Montserrat, sans-serif; font-weight: 400; line-height: 21.6px; letter-spacing: 0.04em;\">\n    \u2022 <strong style=\"color: inherit;\">Acompanhamento do Processo:<\/strong> Voc\u00ea poder\u00e1 acompanhar o andamento do processo atrav\u00e9s do<br \/>\nn\u00famero de protocolo que ser\u00e1 fornecido ap\u00f3s o registro da den\u00fancia.<\/p>\n[\/vc_column_text][mk_padding_divider size=&#8221;30&#8243;][vc_column_text disable_pattern=&#8221;false&#8221;]\n<p style=\"font-size: 18px; color: #BA9917; font-family: Montserrat\"><strong>COMO DENUNCIAR<\/strong><\/p>\n<p style=\"font-family: Montserrat, sans-serif; font-weight: 400; line-height: 26.68px; letter-spacing: 0.04em;\">\u2022  Utilize a plataforma de den\u00fancias da empresa, clicando no bot\u00e3o abaixo:<\/p>\n[\/vc_column_text][mk_padding_divider][mk_button dimension=&#8221;flat&#8221; size=&#8221;large&#8221; url=&#8221;http:\/\/www.contatoseguro.com.br\/bunkerrevestimentos&#8221; target=&#8221;_blank&#8221;]\n<p style=\"font-size:20px; font-family: Montserrat, sans-serif; font-weight: 600; line-height: 30.01px; letter-spacing: 0.04em;\">Acessar plataforma de den\u00fancias<\/p>\n[\/mk_button][mk_padding_divider][vc_column_text disable_pattern=&#8221;false&#8221;]\n<p style=\"color: #BA9917; font-size: 18px; font-family: Montserrat, sans-serif; font-weight: 600;\">AGRADECEMOS SUA CONTRIBUI\u00c7\u00c3O PARA MANTERMOS<br \/>\nINTEGRIDADE E \u00c9TICA NA <strong style=\"color: inherit;\">BUNKER ENGENHARIA ANTICORROSIVA.<\/strong><\/p>\n[\/vc_column_text][mk_padding_divider size=&#8221;50&#8243;][\/vc_column][\/mk_page_section]\n","protected":false},"excerpt":{"rendered":"<p>[mk_page_section bg_image=&#8221;https:\/\/bunkerengenharia.com.br\/website\/wp-content\/uploads\/2024\/03\/canal-de-denuncia.png&#8221; bg_position=&#8221;center center&#8221; min_height=&#8221;340&#8243; full_width=&#8221;true&#8221; js_vertical_centered=&#8221;true&#8221; top_shape_color=&#8221;#ffffff&#8221; bottom_shape_color=&#8221;#ffffff&#8221; sidebar=&#8221;sidebar-1&#8243;][vc_column][mk_fancy_title tag_name=&#8221;h1&#8243; color=&#8221;#ffffff&#8221; size=&#8221;50&#8243; font_weight=&#8221;300&#8243; txt_transform=&#8221;uppercase&#8221; letter_spacing=&#8221;2&#8243; margin_bottom=&#8221;0&#8243; font_family=&#8221;Anton&#8221; font_type=&#8221;google&#8221; align=&#8221;center&#8221;] CONTATO [\/mk_fancy_title][\/vc_column][\/mk_page_section][mk_page_section][vc_column][mk_padding_divider size=&#8221;10&#8243;][mk_fancy_title color=&#8221;#606163&#8243; size=&#8221;35&#8243; font_weight=&#8221;200&#8243; letter_spacing=&#8221;1&#8243; font_family=&#8221;Anton&#8221; font_type=&#8221;google&#8221;]Canal de Den\u00fancia [\/mk_fancy_title][mk_padding_divider size=&#8221;8&#8243;][vc_column_text] BEM VINDO AO CANAL DE DEN\u00daNCIAS DA BUNKER ENGENHARIA ANTICORROSIVA. Este \u00e9 um canal exclusivo para receber den\u00fancias referentes a fatos que [&hellip;]<\/p>\n","protected":false},"author":1,"featured_media":924,"parent":26,"menu_order":0,"comment_status":"closed","ping_status":"closed","template":"","meta":[],"_links":{"self":[{"href":"https:\/\/bunkerengenharia.com.br\/website\/wp-json\/wp\/v2\/pages\/928"}],"collection":[{"href":"https:\/\/bunkerengenharia.com.br\/website\/wp-json\/wp\/v2\/pages"}],"about":[{"href":"https:\/\/bunkerengenharia.com.br\/website\/wp-json\/wp\/v2\/types\/page"}],"author":[{"embeddable":true,"href":"https:\/\/bunkerengenharia.com.br\/website\/wp-json\/wp\/v2\/users\/1"}],"replies":[{"embeddable":true,"href":"https:\/\/bunkerengenharia.com.br\/website\/wp-json\/wp\/v2\/comments?post=928"}],"version-history":[{"count":116,"href":"https:\/\/bunkerengenharia.com.br\/website\/wp-json\/wp\/v2\/pages\/928\/revisions"}],"predecessor-version":[{"id":1115,"href":"https:\/\/bunkerengenharia.com.br\/website\/wp-json\/wp\/v2\/pages\/928\/revisions\/1115"}],"up":[{"embeddable":true,"href":"https:\/\/bunkerengenharia.com.br\/website\/wp-json\/wp\/v2\/pages\/26"}],"wp:featuredmedia":[{"embeddable":true,"href":"https:\/\/bunkerengenharia.com.br\/website\/wp-json\/wp\/v2\/media\/924"}],"wp:attachment":[{"href":"https:\/\/bunkerengenharia.com.br\/website\/wp-json\/wp\/v2\/media?parent=928"}],"curies":[{"name":"wp","href":"https:\/\/api.w.org\/{rel}","templated":true}]}}